
3
-79 (base 14) to base 5
-412
111 (base 2) to base 6
11
What is -101 (base 5) in base 13?
-20
-1 (base 13) to base 10
-1
What is 3 (base 7) in base 10?
3
What is -1000 (base 2) in base 3?
-22
9 (base 11) to base 4
21
-253 (base 7) to base 8
-210
What is 3 (base 6) in base 4?
3
Convert 1 (base 4) to base 14.
1
Convert 1 (base 4) to base 13.
1
b (base 15) to base 13
b
Convert 84 (base 15) to base 6.
324
Convert 2 (base 15) to base 5.
2
Convert -7 (base 11) to base 3.
-21
Convert -111 (base 5) to base 11.
-29
-202 (base 4) to base 6
-54
Convert -10 (base 6) to base 2.
-110
7 (base 13) to base 16
7
6 (base 9) to base 10
6
1 (base 8) to base 11
1
What is 0 (base 2) in base 16?
0
What is 26 (base 8) in base 15?
17
-2 (base 4) to base 6
-2
3 (base 10) to base 5
3
Convert -3 (base 7) to base 16.
-3
Convert 12 (base 11) to base 3.
111
What is -1 (base 3) in base 4?
-1
What is 3 (base 6) in base 9?
3
1212 (base 5) to base 2
10110110
3 (base 10) to base 6
3
Convert 1 (base 4) to base 7.
1
What is 0 (base 14) in base 8?
0
Convert 48 (base 13) to base 10.
60
-8 (base 12) to base 3
-22
Convert -17 (base 16) to base 15.
-18
What is 10 (base 2) in base 14?
2
32 (base 4) to base 6
22
Convert 2 (base 6) to base 16.
2
Convert -233 (base 8) to base 5.
-1110
Convert -49 (base 10) to base 11.
-45
What is -23 (base 10) in base 11?
-21
-2 (base 9) to base 15
-2
Convert -4 (base 12) to base 6.
-4
Convert -3 (base 14) to base 5.
-3
-15 (base 11) to base 13
-13
Convert -30 (base 4) to base 14.
-c
What is a (base 11) in base 15?
a
464 (base 7) to base 11
200
What is -16 (base 16) in base 7?
-31
-9 (base 13) to base 4
-21
-39 (base 13) to base 9
-53
Convert 10011 (base 2) to base 3.
201
156 (base 7) to base 9
110
What is 10 (base 9) in base 7?
12
Convert 515 (base 6) to base 5.
1231
What is b5 (base 15) in base 5?
1140
What is 2 (base 16) in base 7?
2
Convert 11 (base 2) to base 15.
3
Convert -2 (base 8) to base 5.
-2
Convert -1 (base 8) to base 11.
-1
-22 (base 3) to base 12
-8
-7 (base 10) to base 12
-7
Convert -13 (base 14) to base 9.
-18
What is -74 (base 10) in base 13?
-59
-46 (base 7) to base 8
-42
Convert 117 (base 8) to base 3.
2221
Convert 11 (base 3) to base 8.
4
Convert 3 (base 14) to base 10.
3
Convert -29 (base 10) to base 3.
-1002
-6 (base 15) to base 3
-20
What is 11 (base 8) in base 13?
9
Convert 16 (base 7) to base 10.
13
Convert -1020 (base 4) to base 9.
-80
Convert 11 (base 6) to base 5.
12
Convert -36 (base 7) to base 3.
-1000
2 (base 6) to base 15
2
What is -2 (base 11) in base 3?
-2
What is -10110011 (base 2) in base 10?
-179
240 (base 5) to base 9
77
What is -10 (base 5) in base 4?
-11
What is 212 (base 4) in base 16?
26
What is -18 (base 14) in base 10?
-22
Convert 122 (base 4) to base 10.
26
66 (base 10) to base 6
150
What is -33 (base 16) in base 9?
-56
Convert 11 (base 7) to base 16.
8
What is 1 (base 15) in base 4?
1
91 (base 10) to base 13
70
17 (base 9) to base 6
24
What is -9 (base 12) in base 16?
-9
Convert -306 (base 7) to base 11.
-12a
Convert 13 (base 12) to base 8.
17
What is 2b (base 15) in base 5?
131
Convert -4 (base 9) to base 4.
-10
Convert 14 (base 7) to base 16.
b
What is -5 (base 9) in base 13?
-5
1 (base 15) to base 5
1
What is 1010 (base 2) in base 7?
13
4 (base 13) to base 12
4
Convert 2 (base 13) to base 6.
2
What is 90 (base 13) in base 4?
1311
Convert 1011 (base 2) to base 7.
14
What is -130 (base 4) in base 6?
-44
87 (base 10) to base 12
73
What is 112120 (base 3) in base 4?
12021
What is 3 (base 4) in base 15?
3
11010 (base 2) to base 8
32
What is -45 (base 10) in base 3?
-1200
-422 (base 7) to base 11
-183
Convert 5c (base 16) to base 2.
1011100
24 (base 6) to base 16
10
Convert 79 (base 13) to base 9.
121
Convert 2 (base 10) to base 7.
2
What is 6 (base 15) in base 7?
6
-3 (base 15) to base 13
-3
What is -3 (base 6) in base 9?
-3
5 (base 9) to base 16
5
Convert 132 (base 5) to base 3.
1120
What is 3a (base 14) in base 13?
40
What is -11 (base 3) in base 2?
-100
Convert 1 (base 2) to base 15.
1
-27 (base 9) to base 16
-19
61 (base 9) to base 6
131
Convert 15 (base 6) to base 11.
10
What is -1 (base 7) in base 13?
-1
-125 (base 6) to base 9
-58
What is -2 (base 6) in base 4?
-2
Convert -20 (base 16) to base 14.
-24
What is 1010001 (base 2) in base 12?
69
Convert -206 (base 8) to base 2.
-10000110
What is -7 (base 9) in base 13?
-7
1 (base 5) to base 3
1
Convert 0 (base 13) to base 16.
0
-2 (base 16) to base 5
-2
Convert -2 (base 5) to base 13.
-2
Convert 1a (base 12) to base 10.
22
Convert 17 (base 9) to base 6.
24
-12 (base 7) to base 12
-9
Convert -2 (base 11) to base 6.
-2
Convert -5 (base 16) to base 3.
-12
2 (base 6) to base 2
10
What is 3 (base 16) in base 13?
3
-1 (base 9) to base 11
-1
What is 0 (base 13) in base 16?
0
Convert -4 (base 5) to base 8.
-4
110 (base 3) to base 9
13
34 (base 12) to base 16
28
-2 (base 4) to base 3
-2
Convert 11 (base 2) to base 9.
3
What is -12 (base 7) in base 8?
-11
Convert -100 (base 4) to base 2.
-10000
What is 1 (base 6) in base 14?
1
What is 14 (base 11) in base 15?
10
What is -14 (base 7) in base 6?
-15
-10 (base 14) to base 4
-32
-3 (base 16) to base 8
-3
2 (base 13) to base 5
2
Convert b (base 16) to base 14.
b
113 (base 4) to base 5
43
Convert 255 (base 6) to base 8.
153
What is -12 (base 9) in base 11?
-10
What is 35 (base 8) in base 4?
131
22 (base 15) to base 7
44
-7a (base 12) to base 10
-94
What is 110001 (base 2) in base 5?
144
What is -2001 (base 3) in base 8?
-67
Convert 11102 (base 3) to base 8.
167
What is 20 (base 4) in base 7?
11
Convert -1 (base 5) to base 16.
-1
What is 37 (base 8) in base 6?
51
Convert -1b5 (base 13) to base 7.
-632
Convert -102 (base 10) to base 12.
-86
1312 (base 4) to base 16
76
What is 3 (base 6) in base 16?
3
-2b (base 12) to base 14
-27
Convert -17 (base 16) to base 7.
-32
Convert -221 (base 3) to base 14.
-1b
What is 51 (base 10) in base 14?
39
Convert -1 (base 7) to base 13.
-1
Convert 45 (base 8) to base 5.
122
4d (base 14) to base 4
1011
-b5 (base 13) to base 9
-174
4 (base 5) to base 13
4
Convert 7 (base 10) to base 5.
12
10 (base 14) to base 13
11
Convert 8 (base 15) to base 14.
8
Convert -14 (base 10) to base 6.
-22
What is 11012 (base 3) in base 7?
221
0 (base 11) to base 15
0
What is -23 (base 14) in base 5?
-111
-111 (base 7) to base 10
-57
Convert -1212 (base 4) to base 10.
-102
Convert 50 (base 12) to base 14.
44
What is 7 (base 15) in base 11?
7
44 (base 7) to base 8
40
Convert 33 (base 8) to base 16.
1b
5 (base 11) to base 8
5
What is -1c5 (base 14) in base 15?
-199
What is -3 (base 12) in base 13?
-3
Convert -1010111 (base 2) to base 13.
-69
What is 7 (base 11) in base 8?
7
-106 (base 8) to base 12
-5a
What is -7 (base 12) in base 6?
-11
-1a (base 12) to base 4
-112
Convert 2 (base 11) to base 13.
2
-12 (base 15) to base 12
-15
Convert -b0 (base 14) to base 8.
-232
4 (base 5) to base 16
4
What is -11 (base 6) in base 15?
-7
What is 61 (base 11) in base 9?
74
3 (base 9) to base 7
3
What is -1 (base 2) in base 13?
-1
Convert 0 (base 16) to base 6.
0
Convert 1301 (base 4) to base 15.
78
What is 103 (base 7) in base 3?
1221
-531 (base 6) to base 15
-d4
What is 3 (base 8) in base 12?
3
Convert 2 (base 13) to base 8.
2
Convert -333 (base 7) to base 2.
-10101011
-13 (base 12) to base 10
-15
What is 1 (base 14) in base 13?
1
Convert 102 (base 5) to base 8.
33
Convert -1e (base 15) to base 2.
-11101
What is 2d (base 14) in base 6?
105
What is -d5 (base 14) in base 13?
-115
-5 (base 10) to base 15
-5
-10100 (base 2) to base 11
-19
What is -147 (base 11) in base 16?
-ac
Convert 16 (base 11) to base 8.
21
Convert 44 (base 7) to base 5.
112
What is 2 (base 3) in base 4?
2
Convert 0 (base 6) to base 10.
0
What is 24 (base 5) in base 16?
e
What is -4 (base 8) in base 13?
-4
12 (base 7) to base 10
9
What is -3e (base 15) in base 9?
-65
234 (base 7) to base 16
7b
Convert 48 (base 14) to base 13.
4c
What is -3 (base 10) in base 12?
-3
Convert 130 (base 8) to base 6.
224
Convert -2 (base 3) to base 14.
-2
224 (base 13) to base 7
1034
Convert -3 (base 7) to base 9.
-3
Convert -121 (base 4) to base 16.
-19
37 (base 15) to base 5
202
-11 (base 2) to base 14
-3
110 (base 2) to base 4
12
5 (base 14) to base 12
5
Convert -10102 (base 3) to